st common factor of 3897 and 72?
9
What is the greatest common factor of 336 and 44976?
48
Calculate the highest common factor of 478525 and 75.
25
What is the greatest common factor of 64196 and 1958?
22
Calculate the greatest common factor of 10036 and 624.
52
What is the highest common divisor of 1172714 and 226?
226
Calculate the highest common factor of 4686 and 1452.
66
Calculate the highest common factor of 1029 and 524104.
343
Calculate the highest common divisor of 1668 and 3984.
12
Calculate the greatest common factor of 881505 and 95.
95
What is the highest common divisor of 4400 and 235600?
400
What is the greatest common factor of 834 and 54?
6
Calculate the greatest common divisor of 150918 and 18.
6
Calculate the greatest common divisor of 69375 and 185.
185
Calculate the greatest common divisor of 5017 and 1.
1
What is the greatest common factor of 7195 and 125?
5
Calculate the greatest common divisor of 21360 and 11790.
30
What is the greatest common divisor of 213716 and 404?
404
What is the highest common factor of 37375 and 61295?
1495
What is the greatest common divisor of 68850 and 1620?
810
What is the greatest common factor of 1098 and 1183034?
122
Calculate the highest common divisor of 271164 and 4366.
118
What is the highest common factor of 10634 and 819?
13
Calculate the highest common divisor of 270 and 302310.
90
What is the greatest common factor of 158658 and 372?
186
What is the greatest common divisor of 511 and 428729?
511
What is the highest common factor of 2769 and 25831?
13
Calculate the greatest common factor of 418 and 108658.
22
Calculate the highest common divisor of 255 and 56865.
255
What is the highest common factor of 1880 and 380?
20
What is the greatest common factor of 700 and 33425?
175
What is the greatest common divisor of 193480 and 6440?
280
What is the highest common factor of 22280 and 1780?
20
Calculate the greatest common factor of 37 and 2357.
1
Calculate the greatest common divisor of 621 and 4401.
27
Calculate the greatest common divisor of 1551 and 353111.
517
What is the greatest common factor of 11782 and 37675?
137
Calculate the greatest common factor of 2736 and 6327.
171
What is the greatest common divisor of 11 and 29513?
11
What is the greatest common factor of 827 and 258851?
827
What is the highest common factor of 7245728 and 1568?
1568
What is the greatest common factor of 169083 and 288?
9
Calculate the highest common factor of 8364 and 408.
204
Calculate the greatest common factor of 130 and 27898.
26
What is the highest common divisor of 36 and 2422026?
18
Calculate the greatest common divisor of 143840 and 12152.
248
Calculate the greatest common divisor of 36953 and 7.
7
What is the greatest common factor of 338268 and 252?
84
What is the greatest common divisor of 2068 and 332640?
44
Calculate the highest common factor of 1820 and 23324.
28
Calculate the highest common factor of 8094 and 1178.
38
What is the greatest common factor of 204891 and 3097?
163
Calculate the greatest common divisor of 1525 and 89365.
305
Calculate the greatest common factor of 595 and 81865.
35
Calculate the greatest common factor of 161 and 60007.
23
What is the greatest common factor of 254 and 17553686?
254
Calculate the greatest common divisor of 7383 and 107.
107
Calculate the greatest common divisor of 291222 and 1728.
54
What is the greatest common divisor of 280 and 450520?
280
What is the greatest common factor of 216 and 957048?
24
Calculate the highest common factor of 1587 and 87.
3
What is the greatest common divisor of 1046 and 18?
2
Calculate the highest common factor of 10 and 333.
1
Calculate the highest common factor of 127275 and 600.
75
What is the highest common divisor of 135454 and 154?
22
What is the greatest common divisor of 17537 and 1136?
71
What is the greatest common factor of 27 and 10503?
27
Calculate the greatest common factor of 456 and 71877.
57
What is the greatest common factor of 371288 and 200?
8
What is the highest common divisor of 1815 and 6765?
165
Calculate the highest common divisor of 64326 and 2130.
426
What is the greatest common factor of 83049 and 279?
93
What is the highest common divisor of 1421 and 1537?
29
What is the greatest common divisor of 118230 and 630?
210
Calculate the greatest common divisor of 493714 and 1768.
442
Calculate the highest common divisor of 643170 and 16500.
330
Calculate the highest common factor of 8339 and 538.
269
Calculate the greatest common factor of 42 and 335370.
42
What is the highest common factor of 414601 and 33?
11
What is the highest common factor of 5577 and 23322?
507
What is the highest common divisor of 48024 and 667?
667
What is the highest common divisor of 279076 and 84?
28
What is the greatest common divisor of 10402 and 262?
2
Calculate the greatest common factor of 236 and 212754.
118
Calculate the greatest common divisor of 82677 and 7239.
381
Calculate the highest common factor of 50 and 30110.
10
What is the highest common factor of 2292 and 1348842?
1146
What is the greatest common factor of 826 and 6972?
14
What is the highest common divisor of 117964 and 924?
308
Calculate the highest common divisor of 1295107 and 33.
11
What is the highest common factor of 50 and 61140?
10
Calculate the highest common divisor of 2889 and 310407.
321
Calculate the greatest common factor of 18 and 152937.
9
Calculate the highest common divisor of 12498 and 2.
2
Calculate the highest common divisor of 8998 and 485074.
818
What is the greatest common factor of 4 and 2358?
2
Calculate the highest common factor of 687054 and 258.
258
What is the highest common factor of 13689 and 14872?
169
Calculate the greatest common factor of 4532 and 207339.
1133
What is the highest common factor of 1419 and 10406?
473
Calculate the highest common divisor of 147416 and 8.
8
What is the greatest common divisor of 32 and 8416288?
32
What is the highest common factor of 655 and 15495?
5
What is the highest common factor of 10268 and 68?
68
What is the highest common divisor of 1204 and 146200?
172
What is the greatest common divisor of 21 and 645519?
21
What is the greatest common factor of 2740 and 61660?
20
Calculate the highest common factor of 10063 and 348.
29
Calculate the greatest common factor of 2525544 and 336.
168
What is the greatest common divisor of 318 and 24?
6
Calculate the highest common divisor of 141995 and 7.
7
Calculate the greatest common factor of 7317 and 3375.
27
What is the highest common factor of 690 and 48530?
230
What is the greatest common divisor of 3868 and 12?
4
Calculate the greatest common factor of 275 and 5863.
11
Calculate the highest common divisor of 45 and 1499895.
45
What is the highest common divisor of 2754 and 702?
54
What is the greatest common factor of 1158 and 202843?
193
Calculate the highest common divisor of 20124 and 351.
117
Calculate the highest common factor of 1264 and 752.
16
Calculate the highest common factor of 272 and 8352.
16
Calculate the greatest common divisor of 149796 and 76.
76
Calculate the highest common divisor of 11073741 and 454.
227
Calculate the greatest common divisor of 62134 and 94.
94
What is the greatest common factor of 1591 and 9761?
43
Calculate the highest common factor of 8788 and 572.
52
Calculate the highest common factor of 203527 and 207.
23
Calculate the highest common divisor of 142782 and 212.
106
What is the highest common factor of 183 and 162?
3
What is the greatest common divisor of 5453 and 266?
133
What is the greatest common divisor of 2684 and 16?
4
Calculate the highest common factor of 26 and 44746.
26
Calculate the greatest common divisor of 9970 and 1100.
10
What is the greatest common divisor of 1247 and 359308?
43
What is the greatest common factor of 63 and 6776?
7
Calculate the greatest common factor of 275 and 27005.
55
What is the greatest common factor of 248 and 25358?
62
What is the greatest common factor of 2079 and 1663893?
693
What is the greatest common divisor of 311 and 996755?
311
What is the greatest common divisor of 3 and 8157?
3
What is the highest common divisor of 644 and 38206?
14
What is the greatest common factor of 25235 and 5880?
245
Calculate the highest common divisor of 4013 an